he prime factors of (-669)/(-39) + 4/r?
17
Let m(n) = -n**3 + 13*n**2 + 3*n + 9. What are the prime factors of m(10)?
3, 113
Suppose 4*o = 5*j - 32, 0*o - 31 = -4*j + 5*o. What are the prime factors of j?
2
Suppose 4*o + 0*o = 312. Let r = -37 + 47. Suppose 0 = 4*d - o + r. List the prime factors of d.
17
Suppose 7*q - 2*q - l = 12, 0 = -3*q - l + 4. Let p = 20 + q. What are the prime factors of p?
2, 11
Suppose -5*m + 6*m = -3*n + 111, 572 = 5*m - 2*n. List the prime factors of m.
2, 3, 19
Let f be (9/(-6))/((-3)/8). What are the prime factors of 162/f + 1/2?
41
Let h be (-1)/(3/(-9) - 0). Let s = -6 + 11. Suppose 2*i - s - h = 0. List the prime factors of i.
2
Let y = 12 + -8. Suppose 4*r - y = -u + 28, 2*u - 28 = r. List the prime factors of u.
2
Let y(u) = -u**2 + 2*u + 5. Let v be y(3). List the prime factors of 3 + (v - 3/(-3)).
2, 3
Suppose 0 = r + 3*p - 2, 2*p + 0*p + 8 = 4*r. Suppose 2*n + 0*n = -10, -4*n = -r*i + 30. What are the prime factors of i?
5
Let w be (-13)/(-3) + (-2)/(-3). Suppose 0*n - 5*n - w*q = -290, 5*n = -4*q + 285. List the prime factors of n.
53
Let i(b) = -b. Let x(y) = 2*y - 44. Let a(q) = -3*i(q) - x(q). List the prime factors of a(0).
2, 11
Let t(h) = 28*h + 1. Suppose -3*f = -2 - 1. List the prime factors of t(f).
29
Let y(o) = o**2 + 7*o + 5. Let f be y(-7). Let i(q) = q - 7. Let a be i(f). List the prime factors of a/(-6) + 35/3.
2, 3
Suppose 616 = 2*w - t, 2*t + 1000 = 3*w + 77. What are the prime factors of w?
3, 103
Let v(l) = 5*l**2 - 12*l + 13. Let j(q) = q**2 - q + 1. Let y(t) = -4*j(t) + v(t). Suppose 10 - 42 = -4*d. What are the prime factors of y(d)?
3
Let j(o) = 2 + 4*o - o - 7. Let k be j(4). List the prime factors of (-8)/(-10)*(k - -3).
2
Suppose 6 = 5*t - 4*q - 18, 21 = 5*t - q. Suppose 0 = -2*p + t + 16. List the prime factors of 6/4*p*1.
3, 5
Suppose 3*s + 24 = -4*m, 4*s + 4*m + 32 = -m. Let o be (-2)/(-3) - s/6. List the prime factors of -2*o/(-4) - -6.
7
Suppose -5*c = -3*c + 54. Let w = -13 - c. List the prime factors of 4/w - (-330)/21.
2
Suppose -d + 4*b + 63 = 0, 3*d - 3*b - 239 = -d. What are the prime factors of d?
59
Suppose -1 = -p - 0, v - p - 1 = 0. Suppose h = -5*o + 10, 5*h + 13 = -v*o - 6. List the prime factors of o.
3
Let t be (-4)/(-6)*24*2. Let q = -3 + 3. Suppose 4*v - t - 8 = q. List the prime factors of v.
2, 5
Let g be (-7)/(-3) - (-4)/(-12). Let h(y) = -g*y - y - 6 + 7. What are the prime factors of h(-4)?
13
What are the prime factors of (-4)/(-96)*6 + 790/8?
3, 11
Suppose 3*p = 2*p + 46. List the prime factors of p.
2, 23
Suppose -106 = -2*o + 78. List the prime factors of o.
2, 23
Let c(k) = -4*k**2 + k**2 - 1 + 4*k**2. Let q(v) = -7*v**2 - v - 8. Let i(z) = -6*c(z) - q(z). What are the prime factors of i(0)?
2, 7
Suppose 20*o - 87 = 17*o. What are the prime factors of o?
29
Suppose -4*q + 5*u + 431 = 0, 3*q + 222 = 5*q + 4*u. What are the prime factors of q?
109
Let q = 25 + -7. What are the prime factors of q?
2, 3
Let k(q) = -q**3 + 9*q**2 + 4*q - 6. What are the prime factors of k(5)?
2, 3, 19
Let w be 2/((-4)/(-2))*-5. Let q = -4 - w. Suppose -z = -q - 1. List the prime factors of z.
2
Let o(q) = q**2 - 2*q + 6. What are the prime factors of o(3)?
3
Suppose 0 = j - 0 + 3. List the prime factors of 27/6*(-2)/j.
3
Suppose -w - 300 = -5*w. List the prime factors of w.
3, 5
Let n be ((-20)/(-6))/((-2)/15). Let a = -52 + 88. Let z = a + n. What are the prime factors of z?
11
List the prime factors of (-72)/(-14)*(7 + (-63)/18).
2, 3
Suppose 2*w + 0*w = 4*g + 56, 3*w - 63 = -g. What are the prime factors of w?
2, 11
Let w = 53 + -1. What are the prime factors of w?
2, 13
Let h(a) = -a**3 + 11. Let m be h(0). Suppose o - m = 2. What are the prime factors of o?
13
Suppose -2*w - 2*a = -268, 2*w - 4*w = 5*a - 265. Let v = w - 85. Suppose -z + v = 4*z. What are the prime factors of z?
2, 5
What are the prime factors of (400 - (1 - -1))/(-5 - -7)?
199
Let i = 4 - -2. List the prime factors of i.
2, 3
Let a(k) = 4*k**2 - 7*k + 4. Let q be a(6). Suppose 5*r = 3*y - 0*y - 101, 3*y - 4*r - q = 0. What are the prime factors of y?
2, 3, 7
Suppose 3*n - 6 = -0, -5*y + 9 = -3*n. Suppose u = y*u. Suppose p + 1 - 6 = u. List the prime factors of p.
5
Suppose 6*x - x - 40 = 0. List the prime factors of x.
2
Let j = 147 + 120. What are the prime factors of j?
3, 89
Let w(o) be the second derivative of -o**3/6 - 2*o**2 - o. List the prime factors of w(-8).
2
Let v(s) = -2 - s + 2*s + 5*s. Suppose k = -4*k - f + 12, 4*f = -5*k + 18. List the prime factors of v(k).
2, 5
Let s(w) = w**3 + 2*w - 1. Let y be (6 + -1)/(-1)*-1. Suppose -y*z = 3 - 13. List the prime factors of s(z).
11
Let n be (18/4)/(1/4). Let m = 43 - 44. Let w = n - m. List the prime factors of w.
19
Let u = -20 + 45. Suppose 2*w = w + u. List the prime factors of w.
5
Suppose 15 = -d - 5*p, 3*d + 6 = 4*d - 2*p. Suppose d = -s - 4*h + 15, 0 = 2*s - 3*s + 3*h + 15. List the prime factors of s.
3, 5
Let z = 7 - 11. Let k(c) = -c - 1. Let l be k(z). List the prime factors of (4 - l)/((-1)/(-5)).
5
Let s be (0 + 8/2)/2. Suppose 0 = -h + s*h - 3. List the prime factors of h.
3
Let i be 216/(-32)*(-16)/(-6). What are the prime factors of -4 + i/(4/(-4))?
2, 7
Suppose -262 = -5*p + 238. Suppose -95 = -3*n - 2*c, 2*n + c - p = -n. List the prime factors of n.
5, 7
Suppose -7*k + 2*k - 40 = 0. Let q(u) = -u**3 - 8*u**2 - u - 5. Let h be q(k). Suppose -5*v + 3*c = -20, -2*v + h = -3*v + 2*c. List the prime factors of v.
7
Suppose 0*g - 49 = -q + 4*g, -15 = -3*g. Suppose 6*s - 9*s = -q. What are the prime factors of s?
23
Let n(v) = -v + 11. Let x be n(10). What are the prime factors of (-3)/(-3) + 32*x?
3, 11
Let j(b) = -b**3 + b**2 + b + 18. Let o be j(0). Let s = o + -6. Suppose 0 = -p - 3*p + s. List the prime factors of p.
3
Let n = -27 + 46. List the prime factors of n + 2 - (1 + -1).
3, 7
Let g(u) = 29*u**3 - 1. List the prime factors of g(1).
2, 7
Suppose 260 = -l - l. Let z = 30 - 57. What are the prime factors of 6/z + l/(-18)?
7
Let g(p) = 7*p**3 + 5*p + 0*p**2 + 7 - 2*p**2 + 3*p**2. Let a(d) = d**3 - d**2 + d + 1. Let o(i) = -6*a(i) + g(i). List the prime factors of o(-7).
2
Let c(t) = t**3 - 2. Let u be c(2). Let o be 2/6*u/1. Suppose 10 = o*j - j. List the prime factors of j.
2, 5
Let w = -9 + 31. What are the prime factors of w?
2, 11
Let i(g) = -236*g**3 - 2*g - 1. What are the prime factors of i(-1)?
3, 79
Let b(i) = i - 8. Let y be b(11). Suppose y*s + h - 8 = -0*h, 3*h = 6. What are the prime factors of s?
2
Suppose 8 = 4*i + 2*o, 0 = 2*o + 3*o + 10. Suppose 0*y + i*y - 54 = 0. What are the prime factors of y?
2, 3
Suppose g - 4*h - 884 = -3*g, 246 = g + 4*h. List the prime factors of g.
2, 113
Let l = 1 - -1. Suppose -3*i - l*d = -i - 24, 2*d - 50 = -4*i. List the prime factors of i.
13
Suppose -4*z + 52 = -16. Suppose 4*x + 3*l + 11 = -0*x, 4*l = -3*x - z. What are the prime factors of (1/x)/((-6)/(-18))?
3
Suppose -n - z - 12 = -3, -4*n - 9 = -5*z. Let b = n - -21. List the prime factors of b.
3, 5
Suppose -3*g + 41 = -40. Let z be (-8)/(-16)*(-1 - -91). Let h = z - g. List the prime factors of h.
2, 3
Let d(j) = -j**3 + j**2 + j + 1. Suppose -5 = 2*v - 3. Let k(s) = 2*s**3 - 7*s**2 + 4*s - 7. Let o(b) = v*d(b) - k(b). What are the prime factors of o(5)?
2, 3
Let i be (0 - 0)/(2 + 0). Suppose -5*x = -2*s - 16 + 1, i = 5*x + 5*s - 15. What are the prime factors of x?
3
Let d(l) = 4*l. Let o be d(-2). Let a(f) = -f**3 + 10*f**2 - 2. Let k be a(10). Let r = k - o. List the prime factors of r.
2, 3
Let j(m) = -m**2 - 15*m + 4. What are the prime factors of j(-6)?
2, 29
Let o = -14 - -26. What are the prime factors of o - 0*(-3)/6?
2, 3
Suppose -3 = -2*t + 3. Suppose -5*d = w - 24, -8*d + t*w = -3*d - 8. Suppose -d = -3*m + 17. What are the prime factors of m?
7
Let s = 90 - -62. Let i be s/10 + 3/(-15). List the prime factors of (9/i)/((-2)/(-30)).
3
Let l be 1*0/(-3 + 1). Suppose -j + 11 + 5 = l. Suppose 0*r = -2*r + j. What are the prime factors of r?
2
Let y(k) be the third derivative of k**5/60 + 5*k**4/24 + 3*k**2. What are the prime factors of y(-6)?
2, 3
Suppose 4*c + i - 746 = 0, -559 = -3*c + i - 2*i. List the prime factors of c.
11, 17
Suppose 2*a - 26 = -0*a. Suppose 0 = 2*w + a - 33. What are the p